-l**2 - 5*l - 2. Let a(i) = -i. Let j(o) = 3*a(o) - n(o). Let h be j(-2). Let v(k) = -2*k**2 - h + 7*k**2 + 8*k - k**2 - 5*k**2. What is v(4)?
14
Let l(y) be the first derivative of -2*y**3/3 + 2*y**2 + 3*y - 6. Calculate l(5).
-27
Let k(g) = -6*g + 168. Let a be k(28). Let p(x) = -x**3 - x**2 + x - 1. Calculate p(a).
-1
Let f(g) = 13*g + 5. Suppose 7*m - 2*m = 90. Let c(n) = -3*n - 1. Let b(s) = m*c(s) + 4*f(s). Give b(3).
-4
Let a(g) = g + 11 - 48 + 33. What is a(3)?
-1
Let u be (-82)/(-164)*((-6)/1)/1. Let s(j) be the first derivative of -1/4*j**4 - 1/2*j**2 + 2*j + 4 - 5/3*j**3. Give s(u).
-13
Let h(n) = 10*n**2 - 2 + 1 + 7 + n**3 - n + 3*n**2. Let x be h(-13). Suppose -5*g + g - x = -l, 4*g = -3*l - 7. Let f(m) = -2*m - 1. Give f(g).
7
Let o(g) = -4*g**2. Let v(l) = 9*l**2 - 11*l - 3. Let p(f) = -2*o(f) - v(f). Calculate p(13).
-23
Let m(a) be the third derivative of -a**5/12 + a**4/24 - a**3/6 + 40*a**2. Let j be 1/(4/(-16)*-4). Calculate m(j).
-5
Suppose -3*u - 6 = -12. Suppose -g + 21 = 4*f, 4*g - 4*f + 1 = -3*f. Let y(t) = 3 - t**u - 3*t - 3*t - g. What is y(-7)?
-5
Let w = 31 + -32. Let l be (-6)/6 + w*4. Let b(h) = -4*h - 4. What is b(l)?
16
Let a(p) be the third derivative of -p**5/30 - 78*p**2. What is a(3)?
-18
Let l be 40/6*18/(-12). Let h(z) = z**3 + 11*z**2 + 11*z + 14. Give h(l).
4
Let i(q) = -8*q + 902 + 910 - 1826. Give i(-3).
10
Let w(a) = 4 + 5*a**2 - 4*a**2 - 15 + 15 + 8*a. Give w(-7).
-3
Let w be (1/(-1) - -2)*(-1 - -1). Let q(f) = f**3 + f**2 + 9. Calculate q(w).
9
Let g(y) be the third derivative of y**4/24 - 3*y**3 - 49*y**2. Give g(12).
-6
Let x(f) = -f**3 + 9*f**2 - 8*f + 7. Let o(u) = 18*u - 172. Let w be o(10). What is x(w)?
7
Let s(j) = -6*j**2 + 2*j - 13. Let i(c) = c - 2. Let z(w) = -5*i(w) + s(w). Determine z(-1).
-6
Let s(b) = 3*b - 8. Let u be 2/7 + (-144)/14. Suppose -5*p - 18 = 2. Let o = p - u. What is s(o)?
10
Let q(j) = j**3 - 22*j**2 + 4*j - 5. Let b(u) = u**3 - 10*u**2 + 2*u - 2. Let z(p) = 9*b(p) - 4*q(p). Give z(2).
38
Let d(i) = i + 4. Suppose 108 = -3*u - 3*h, 3*h + 89 - 212 = 4*u. Let r = u + 23. Determine d(r).
-6
Let p = 62 + -59. Let i(b) = 2*b - 1 + 15*b**3 + 15*b**p - 2*b**2 - 35*b**3. Give i(1).
-6
Let h(m) = 7*m**2 + 3*m - 2. Let k(z) = -15*z**2 - 7*z + 4. Let s(j) = -13*h(j) - 6*k(j). Determine s(5).
-8
Let n(y) = -y + 13. Let m = 38 + -30. Suppose -18 = -m*l + 5*l. What is n(l)?
7
Suppose 4*o + o - 4 = 2*m, -3*o = 5*m - 21. Suppose 2*v + 9 = -m*l, 5*v - 5*l - 31 = 3*v. Let z(j) = -3*j**2 + 2 + 46*j + 0*j**2 + j**v - 48*j. Calculate z(4).
10
Let m = 10010 + -10018. Let j(w) = 2*w - 4*w + w**3 - 3 - 5*w + 7*w**2. What is j(m)?
-11
Let u(d) = 11*d - 13*d + 11*d - 9*d**2 - 6 + d**3. Suppose 0 = -3*q + 15 - 75. Let b be (4/10)/((-1)/q). Give u(b).
2
Let u(x) = -x + 8. Let o(v) = 4*v**2 - 37*v + 13. Let n be o(9). Calculate u(n).
4
Let n(s) be the second derivative of 4*s**2 - 1/2*s**4 + 1/20*s**5 + 0 - 7/6*s**3 + 16*s. Give n(7).
8
Let r(d) = d + 5. Let g(t) = 2*t + 8. Suppose -4*m + 5 = -27. Let k(x) = m*r(x) - 5*g(x). Calculate k(3).
-6
Let b = 1 + 0. Let v(w) = -6 - w - b - 3. What is v(-10)?
0
Let l = 9 + -1. Let r(j) = -8 - j**2 - 2*j + 18*j - 6*j. Determine r(l).
8
Let q be 2/(0 + (1 - 0)). Let y(w) = -2*w + 2. Let o(k) be the first derivative of -k - 1. Let m(f) = q*o(f) + y(f). Give m(4).
-8
Let g(x) = -x**2 - 15*x - 25. Suppose 8 = 2*n + 4*d, -9 = 3*n - 8*d + 7*d. Determine g(n).
1
Let n(s) = s**2 - 7*s + 6. Let q = 223 - 392. Let r = q + 277. Let y be ((-2)/(-6))/(9/r). Determine n(y).
-6
Let y(c) = -c - 10. Let h(v) = -v**3 - 9*v - 14. Let f be h(0). Calculate y(f).
4
Let j be 1/((-3)/(24/2)). Let a(i) = -2*i**2 - 3*i + 12. Let q be a(j). Let n(l) = -l - 10. Give n(q).
-2
Let i(c) be the first derivative of c**4/4 + c**3 + 3*c**2/2 - c - 4363. Suppose 3*o + 2*o + 22 = -4*x, 2*x - o + 4 = 0. Calculate i(x).
-10
Let f(i) = i**3 - 7*i**2 + 2*i - 9. Let g(k) = -k**2 + 16*k + 18. Let c be g(17). Let l(q) = 7*q**2. Let m be l(c). What is f(m)?
5
Let d = 28 + -4. Suppose -4*r - q = -10, 4*r + 8*q = 4*q + 16. Let v be r + 0 + d/(-3). Let j(o) = -o**2 - 7*o - 2. Determine j(v).
4
Suppose 987 = 10*j + 167. Let s = 86 - j. Let o(n) = 2*n**2 - 5*n + 6. Give o(s).
18
Let c = -7 + -2. Let v be 30/c*(-6)/(-4). Let t(o) = -o**2 - 4*o + 1. Calculate t(v).
-4
Let u(c) be the second derivative of c**4/12 - c**3/3 - c**2/2 - 3*c + 145. Let v be (-6)/21 - 24/14. What is u(v)?
7
Let x(l) = 2*l**3 - 2*l**2 - 3*l + 2. Let q = -79 + 68. Let i(u) = u**2 + 13*u + 24. Let h be i(q). Determine x(h).
4
Let p(d) = -2 - 3*d + 1 + 0. Let f = -561 - -557. Calculate p(f).
11
Let k(z) be the first derivative of z**2/2 + 1. Suppose -80*c + 82*c - 16 = 0. Determine k(c).
8
Let s(o) = -10*o + 0*o**2 + 3 - 5*o**2 + 2*o**2 + 8 + 2*o**2. What is s(-12)?
-13
Let y(i) be the third derivative of i**5/30 + i**4/12 + i**3/6 + 15*i**2. Suppose -f = 5*p + 11, -5*p + 0*f - 8 = -2*f. Give y(p).
5
Let c(v) = v**3 + 3*v**2 - 3*v - 4. Let a be -6 - (-7 - 15/(-3)). What is c(a)?
-8
Let k(b) be the first derivative of -b**3/3 + 4*b**2 + 18*b - 482. Give k(-2).
-2
Let j = 8 - 5. Let z(a) = j + 2*a + 3 - 4*a. Let b(w) = w**3 - 11*w**2 - 2*w + 124. Let m be b(10). What is z(m)?
-2
Let g(w) = 1 - 4*w + 2*w + 0*w. Let h(o) = 3*o**2 + 17*o + 42. Let k be h(-10). Let i = 174 - k. Calculate g(i).
-3
Let q(u) = 0 - u**2 + 0 - 7*u - 3 - 6. Let d be -4*(70/20 - (0 + 2)). Give q(d).
-3
Let h(c) be the third derivative of -1/24*c**4 + 0*c + 5*c**2 + 0 - 1/6*c**3. Give h(-5).
4
Let f(w) = 148 - 10*w + 145 + 150 - 455. Calculate f(-8).
68
Let q(l) be the first derivative of -3*l**4/2 + l**2 - l - 1. Suppose 35 = 5*r - 30. Suppose 0 = z + 12*z - r. Give q(z).
-5
Let u = -6 + 6. Let t(b) = -b - 2. Let r be t(u). Let k(j) = -2 + j**3 - 2 - j + 5 - 2 + 2*j**2. Give k(r).
1
Let j(o) = -6*o + 47. Let s(h) = -3*h + 24. Let f(z) = 2*j(z) - 5*s(z). Determine f(11).
7
Let p(a) = -3*a**3 - 27*a**2 + 17*a - 26. Let s(z) = 5*z**3 + 41*z**2 - 25*z + 39. Let i(u) = 8*p(u) + 5*s(u). Calculate i(10).
-3
Let s(u) = -2*u**3 + u**2 - u. Suppose -16*f = -43*f + 54. What is s(f)?
-14
Let c(y) = y**2 + y - 1. Let g(l) = -3*l**2 - 3*l - 13. Let q(x) = -2*c(x) - g(x). Give q(0).
15
Let k(u) be the second derivative of 1/6*u**4 + 1/10*u**5 + 0 - 1/2*u**3 + u**2 + 44*u. Calculate k(2).
20
Let g = -1614 + 1612. Let d(i) = 3*i - 1. What is d(g)?
-7
Suppose -z = -0*z - 3. Let a = 15 + -12. Let h(t) = 2*t - 71*t**2 - t**a - 3*t + 74*t**2 - 2*t. What is h(z)?
-9
Suppose 5*y + 17 = -t, 4*t = t + y - 3. Let m(n) be the second derivative of -n**5/10 + n**4/6 + 2*n**3/3 + n**2 - 9*n. Determine m(t).
18
Let h(v) = -5*v + 4. Let o(a) = -3*a + 3. Let k(z) = -5*h(z) + 7*o(z). Let i be (-8)/(-5) + -2 - (-3)/(-5). Calculate k(i).
-3
Let f(o) = -o**3 + 6*o**2 - 6*o - 1. Let w = 5 - 9. Let a be 21 + -1 - (-4 - w). Let r = a + -15. What is f(r)?
-6
Let k(b) = 6*b + 5. Let p(q) = -25*q - 8. Let l(g) = -9*g - 3. Let a(r) = 17*l(r) - 6*p(r). Let z(t) = 7*a(t) + 4*k(t). Give z(-2).
-7
Suppose -d + 3*c + 4 = 0, -5*d - 7*c + 4*c = -20. Let p(j) = -2*j + 5. Determine p(d).
-3
Let s be 2/(-8) + -3*(-3)/4. Let a be s*(-4)/8*0. Let x(y) = -y - 1. Give x(a).
-1
Let a(c) = -5*c - 3. Suppose 0 = -165*l + 169*l - 380. Let b = l - 97. Calculate a(b).
7
Suppose -7*a - 675 = -32*a. Let b(l) = 3*l - 82. What is b(a)?
-1
Let j(n) be the first derivative of -28*n**3/3 + n**2/2 - 15. What is j(1)?
-27
Let r(q) = -3*q**2 - q + 2. Suppose -179 = -3*v + 142. Let p = 109 - v. What is r(p)?
-12
Let a(w) = w**2 + 4*w + 6. Suppose l + 3 = 4. Let t be (15 + -17)*(l + 1). Determine a(t).
6
Let t = -53 - -55. Let n(o) = -9 + 2 + o**3 + 14 - 4*o - 6*o**t. Calculate n(6).
-17
Let u be (-17)/(-3) + (21 - 11)/30. Let s(t) = -t**2 + 4*t + 14. Calculate s(u).
2
Let l(f) = -f**2 + 7*f**3 + 11*f**3 + f + 1 - 2*f**2 - 26*f**3 + 9*f**3. Give l(2).
-1
Let k(u) be the third derivative of -1/120*u**6 + 27*u**2 - 1/12*u**5 - 1/8*u**4 + 0*u + 0 + 0*u**3. What is k(-4)?
-4
Let w be (-1)/(1*(-1)/2). Let u(k) = -2*k**w - 5*k**2 - 3*k**2. Let b = -112 - -113. Determine u(b).
-10
Let o(u) be the third derivative of u**4/12 - 13*u**3/3 - u**2 - 462. Calculate o(12).
-2
Suppose 12*f = 16*f + 48. Let o(c) = -3*c - 2. Determine o(f).
34
Let o(